Is 21960 a multiple of 60?
True
Is 74823 a multiple of 21?
True
Does 88 divide 1760?
True
Does 74 divide 7696?
True
Does 78 divide 7254?
True
Does 31 divide 124?
True
Does 8 divide 48107?
False
Is 239 a multiple of 2?
False
Is 29 a factor of 17114?
False
Does 82 divide 13284?
True
Is 4753 a multiple of 25?
False
Is 5 a factor of 5973?
False
Is 8 a factor of 2189?
False
Is 23 a factor of 1380?
True
Does 11 divide 157?
False
Is 13 a factor of 35?
False
Is 9568 a multiple of 32?
True
Is 62 a factor of 8397?
False
Is 46 a factor of 5290?
True
Is 15 a factor of 480?
True
Is 261 a factor of 30537?
True
Does 74 divide 42106?
True
Does 46 divide 553?
False
Is 52 a factor of 624?
True
Is 15 a factor of 66060?
True
Does 31 divide 3534?
True
Does 10 divide 5235?
False
Is 1106 a multiple of 14?
True
Is 11 a factor of 72311?
False
Is 28614 a multiple of 251?
True
Does 28 divide 56?
True
Is 713 a multiple of 59?
False
Is 2 a factor of 64?
True
Does 10 divide 38?
False
Is 23 a factor of 2011?
False
Is 57756 a multiple of 109?
False
Does 18 divide 342?
True
Is 159 a multiple of 8?
False
Does 9 divide 126?
True
Is 33 a factor of 18216?
True
Is 59 a multiple of 2?
False
Is 37 a factor of 1221?
True
Does 6 divide 1456?
False
Is 12 a factor of 2646?
False
Does 6 divide 2802?
True
Is 49 a factor of 3381?
True
Is 5 a factor of 194?
False
Does 14 divide 2100?
True
Is 2150 a multiple of 10?
True
Is 10377 a multiple of 154?
False
Is 492 a multiple of 16?
False
Is 68 a factor of 2491?
False
Is 509 a multiple of 183?
False
Does 30 divide 540?
True
Does 36 divide 24153?
False
Does 23 divide 314?
False
Is 13986 a multiple of 111?
True
Is 1689 a multiple of 61?
False
Does 7 divide 4325?
False
Is 10 a factor of 404?
False
Does 13 divide 1313?
True
Does 17 divide 342?
False
Is 96 a factor of 384?
True
Does 184 divide 3809?
False
Does 13 divide 7160?
False
Is 2013 a multiple of 20?
False
Is 101234 a multiple of 14?
True
Does 55 divide 65268?
False
Is 195 a multiple of 4?
False
Does 7 divide 560?
True
Is 177 a factor of 7306?
False
Is 79 a factor of 632?
True
Is 16198 a multiple of 56?
False
Does 6 divide 185?
False
Is 6 a factor of 234?
True
Is 6112 a multiple of 8?
True
Is 26 a factor of 4268?
False
Is 172 a multiple of 29?
False
Is 9497 a multiple of 19?
False
Is 4 a factor of 3224?
True
Does 19 divide 8687?
False
Does 61 divide 1037?
True
Is 62 a multiple of 62?
True
Is 28060 a multiple of 47?
False
Is 66810 a multiple of 131?
True
Does 25 divide 259?
False
Does 24 divide 648?
True
Is 29 a factor of 9193?
True
Is 797 even?
False
Is 3472 a multiple of 56?
True
Does 83 divide 2583?
False
Is 89 a factor of 2581?
True
Is 2901 a multiple of 9?
False
Does 214 divide 19985?
False
Does 11 divide 26034?
False
Does 48 divide 8784?
True
Is 795 a multiple of 15?
True
Is 16 a factor of 1788?
False
Is 15 a factor of 433?
False
Is 213 a factor of 10094?
False
Is 1144 a multiple of 13?
True
Is 13571 a multiple of 41?
True
Is 43 a factor of 30874?
True
Is 485 a multiple of 34?
False
Is 190 a factor of 2980?
False
Is 12 a factor of 8603?
False
Is 26650 a multiple of 16?
False
Does 17 divide 9503?
True
Is 47 a factor of 38272?
False
Does 51 divide 1065?
False
Is 925 a multiple of 37?
True
Does 4 divide 246?
False
Is 28791 a multiple of 159?
False
Is 3273 a multiple of 4?
False
Is 9 a factor of 7502?
False
Is 35 a factor of 560?
True
Is 65 a multiple of 7?
False
Is 57 a factor of 320?
False
Is 96 a factor of 857?
False
Is 841 a multiple of 21?
False
Is 861 a multiple of 4?
False
Does 42 divide 652?
False
Does 8 divide 1024?
True
Is 1522 a multiple of 59?
False
Is 89 a factor of 2235?
False
Does 13 divide 1105?
True
Is 3253 a multiple of 6?
False
Is 3726 a multiple of 69?
True
Does 4 divide 151?
False
Is 5 a factor of 80?
True
Is 1031 a multiple of 63?
False
Is 13285 a multiple of 8?
False
Is 6799 a multiple of 79?
False
Is 21648 a multiple of 11?
True
Does 2 divide 807?
False
Does 5 divide 165?
True
Does 14 divide 434?
True
Is 2760 a multiple of 20?
True
Is 80569 a multiple of 179?
False
Is 8873 a multiple of 24?
False
Is 38 a factor of 29678?
True
Does 15 divide 2513?
False
Does 14 divide 1313?
False
Does 5 divide 1065?
True
Does 124 divide 3968?
True
Is 59 a factor of 1099?
False
Does 2 divide 50?
True
Is 47 a factor of 193?
False
Does 9 divide 794?
False
Is 4332 a multiple of 63?
False
Is 22 a factor of 1007?
False
Is 10262 a multiple of 7?
True
Is 42694 a multiple of 273?
False
Does 15 divide 9945?
True
Does 9 divide 12621?
False
Is 5060 a multiple of 222?
False
Is 14 a factor of 1106?
True
Is 1976 a multiple of 26?
True
Does 15 divide 2400?
True
Does 3 divide 3014?
False
Is 326 a factor of 3260?
True
Is 263 a factor of 38924?
True
Does 21 divide 966?
True
Does 11 divide 3168?
True
Is 6 a factor of 694?
False
Is 15 a factor of 1110?
True
Is 83 a factor of 7138?
True
Does 14 divide 3234?
True
Does 8 divide 951?
False
Is 4 a factor of 16383?
False
Is 5 a factor of 31?
False
Is 7 a factor of 413?
True
Is 2317 a multiple of 35?
False
Is 5670 a multiple of 32?
False
Is 102 a factor of 2652?
True
Is 9 a factor of 1158?
False
Does 68 divide 17340?
True
Is 93 a factor of 54102?
False
Does 115 divide 10447?
False
Is 150 a multiple of 20?
False
Does 202 divide 90038?
False
Does 11 divide 13308?
False
Is 3 a factor of 363?
True
Does 5 divide 2902?
False
Is 1596 a multiple of 81?
False
Does 21 divide 945?
True
Does 41 divide 125?
False
Does 12 divide 485?
False
Is 19 a factor of 49?
False
Does 25 divide 872?
False
Is 9 a factor of 261?
True
Is 331 a multiple of 20?
False
Is 56250 a multiple of 10?
True
Does 8 divide 1032?
True
Does 5 divide 1557?
False
Does 23 divide 130?
False
Does 37 divide 93203?
True
Does 47 divide 411?
False
Is 2019 a multiple of 102?
False
Does 19 divide 774?
False
Does 30 divide 300?
True
Is 32916 a multiple of 216?
False
Is 169 a factor of 15382?
False
Is 78 a multiple of 10?
False
Does 12 divide 180?
True
Is 5918 a multiple of 11?
True
Is 4803 a multiple of 17?
False
Is 56 a factor of 1288?
True
Is 77 a factor of 24255?
True
Is 78178 a multiple of 65?
False
Is 6353 a multiple of 26?
False
Is 105390 a multiple of 45?
True
Is 139 a factor of 20155?
True
Is 8852 a multiple of 42?
False
Is 2048 a multiple of 16?
True
Does 19 divide 1938?
True
Is 45 a factor of 41621?
False
Is 1068 a multiple of 89?
True
Is 559 a multiple of 3?
False
Does 8 divide 88?
True
Is 1508 a multiple of 29?
True
Is 21 a factor of 40551?
True
Does 150 divide 7406?
False
Is 903 a multiple of 38?
False
Is 4 a factor of 145?
False
Does 96 divide 36956?
False
Is 1835 a multiple of 100?
False
Does 40 divide 4480?
True
Does 82 divide 183926?
True
Is 37 a factor of 19401?
False
Is 3077 a multiple of 17?
True
Is 16 a factor of 880?
True
Is 4513 a multiple of 5?
False
Is 16688 a multiple of 88?
False
Is 105 a factor of 1070?
False
Is 9 a factor of 239?
False
Does 20 divide 46356?
False
Is 10400 a multiple of 160?
True
Does 34 divide 92650?
True
Is 249 a multiple of 9?
False
Is 6400 a multiple of 40?
True
Is 20 a factor of 2589?
False
Is 506 a multiple of 3?
False
Is 10 a factor of 8392?
False
Is 167 a factor of 7187?
False
Is 26382 a multiple of 29?
False
Is 80215 a multiple of 61?
True
Does 14 divide 602?
True
Is 52001 a multiple of 68?
False
Is 2 a factor of 1764?
True
Does 33 divide 34700?
False
Is 46 a multiple of 37?
False
Is 73681 a multiple of 18?
False
Is 7 a factor of 2135?
True
Does 18 divide 1321?
False
Is 43 a factor of 404?
False
Is 23343 a multiple of 10?
False
Is 182 a multiple of 13?
True
Is 20 a factor of 3620?
True
Is 20051 a multiple of 72?
False
Is 29140 a multiple of 188?
True
Is 255 a multiple of 33?
False
Does 2 divide 1142?
True
Does 27 divide 24705?
True
Is 9478 a multiple of 18?
False
Is 3325 a multiple of 35?
True
Does 104 divide 2914?
False
Is 45 a factor of 810?
True
Is 15 a factor of 401?
False
Does 96 divide 8736?
True
Is 43 a factor of 7773?
False
Does 11 divide 48839?
False
Is 5 a factor of 304?
False
Is 89 a factor of 2176?
False
Is 11 a factor of 29605?
False
Does 292 divide 91688?
True
Is 3740 a multiple of 17?
True
Does 18 divide 4554?
True
Is 90 a factor of 11340?
True
Does 17 divide 374?
True
Is 982 a multiple of 10?
False
Is 2288 a multiple of 286?
True
Does 12 divide 19